s the remainder when s is divided by 17?
15
Let c = -30 + 39. Let s = -61 + 103. What is the remainder when s is divided by c?
6
Suppose -3*g - 8 = -g - 5*i, 4*g + 38 = -i. What is the remainder when (-2)/g + 608/18 is divided by 12?
10
Let o be (-42)/(-4)*(-312)/(-9). Suppose 0*r + o = 4*r + 4*h, h - 2 = 0. What is the remainder when r is divided by 23?
20
What is the remainder when (16/(-10))/((-2)/10) is divided by 2*15/(-18)*-3?
3
Let m = 15 + -9. Let y(p) be the second derivative of -p**3/3 - p**2/2 - 3*p. What is the remainder when y(-6) is divided by m?
5
Let k(t) = -5*t - 6. Let j = -8 + 9. What is the remainder when k(-5) is divided by j + 2 + 42/6?
9
Let i = 19 + -13. Suppose 0 = -a + 37 + 1. What is the remainder when a is divided by -3*2/i*-13?
12
Suppose 0 = c - 3*c + 64. Suppose -5*a - c = 118. Let j = a - -65. Calculate the remainder when j is divided by 18.
17
Suppose 2*w - 3*w + 3 = 0. What is the remainder when w is divided by 1?
0
Let s be -5 + (2 - (2 + 0)). Let p = 5 + s. Suppose u + 0*u - 11 = p. Calculate the remainder when 20 is divided by u.
9
Let b(y) = 7*y - 1. Let f be b(1). Let r(h) = 0 - 12 + f*h - 2*h. Calculate the remainder when 59 is divided by r(8).
19
Suppose 0 = 5*o - 10, 3*o + 4 = 4*x + 2. Let f(a) = -a + 4*a**x - 3*a**2 + 3*a. Calculate the remainder when 22 is divided by f(2).
6
Suppose -6 = -3*t + t. Suppose 2*n + 19 = t*n. Suppose o - 60 = s, -5*o + s = -s - 288. Calculate the remainder when o is divided by n.
18
Let f(h) = 12*h - 7. What is the remainder when f(7) is divided by 10?
7
Suppose -3*m + 5*m = 290. Let o = m + -90. Suppose 7*c = 2*c + o. Calculate the remainder when 32 is divided by c.
10
Let s(a) be the first derivative of a**3/3 + 3*a**2/2 - 4*a - 2. Suppose i - 3 = 12. Calculate the remainder when i is divided by s(-5).
3
Let c(p) = 2*p**3 - 4*p**2 - 2*p + 3. Calculate the remainder when 43 is divided by c(3).
13
Suppose -q - 38 = -2*q. Let s be 12/(-8)*16/(-6). What is the remainder when q is divided by -1 + 16 + s/(-2)?
12
Let a = 67 + -23. What is the remainder when a is divided by (24/(-48))/(1/(-30))?
14
Suppose 0 = k - 6 + 3. Suppose 5*q = -g + 4, -k*g + 5*q + 16 = g. Calculate the remainder when 15 is divided by g.
3
Suppose -20*p = -15*p - 30. Calculate the remainder when 9 is divided by p.
3
Suppose 5*o - 28 = 132. Suppose t - x - o = 0, -68 = -4*t - 2*x + 72. What is the remainder when t is divided by 18?
16
Let b(a) = a**2 + 2*a - 3. Let m be b(2). Suppose 5*p + 0*p = 0. Suppose p = -0*y - m*y + 45. What is the remainder when 25 is divided by y?
7
Let n be 3 - 3*(-1)/(-3). Suppose -o = -n, 3*k - 7 + 2 = -o. Let j = 1 + k. What is the remainder when 3 is divided by j?
1
Suppose -10 = -11*w + 6*w. Suppose -i = -3*o, 0 = -w*i - 2*i - 3*o + 60. Calculate the remainder when 45 is divided by i.
9
Suppose x + 37 = 2*r, -4*x + 12 = 3*r - r. What is the remainder when r is divided by 9?
7
Suppose 0 = -5*n + 3*n + 16. Suppose 0 = 4*y + 44 - 212. Calculate the remainder when (-4)/14 - (-936)/y is divided by n.
6
Let z = -72 + 108. What is the remainder when 69 is divided by z?
33
Let a(v) = -v - 3. Calculate the remainder when (-96)/40*(-5)/2 is divided by a(-6).
0
Let f = -6 - -9. Suppose -f = -3*t + 33. Calculate the remainder when 21 is divided by t.
9
What is the remainder when (-2*2/(-8))/((-4)/(-264)) is divided by 12?
9
Suppose 4*p = -g + 50, 0 = -0*g + 3*g - 5*p - 82. Let f = g + -11. What is the remainder when f is divided by 13?
10
Suppose 4*u + 380 = 5*i, -4*u - 152 = 3*i - 5*i. Calculate the remainder when i is divided by 26.
24
Let a = -17 - -30. What is the remainder when 35 is divided by a?
9
Let f(y) = -y**2 - 5*y - 4. Let d be f(-3). Let u = d - 1. Calculate the remainder when u is divided by 1.
0
Let f(v) = v**2 + 7*v - 14. Calculate the remainder when 26 is divided by f(-10).
10
Suppose 5*v - 12 = 3*z, -3*v + 2*z + 6 = -z. What is the remainder when 13 is divided by v?
1
Let z = 154 - 106. What is the remainder when z is divided by 17?
14
Suppose 4*q - 4*u = -84 - 52, -5*q - 154 = -u. Let l = q + 80. Calculate the remainder when l is divided by 17.
16
Let w = -5 + 31. What is the remainder when 77 is divided by w?
25
Let b = 3 - 0. Suppose 0 = b*r - 0*r - 9. Suppose r*o - 2*o - 5 = 0. What is the remainder when o is divided by 3?
2
Suppose 8*g + 120 = 12*g. What is the remainder when g is divided by 8?
6
Suppose k + 5*o = -0*o + 167, -2*o = -4*k + 756. Calculate the remainder when k is divided by 21.
19
Let c(w) = 15*w. Suppose 0 = 3*x - 6, 5*x = 8*q - 4*q - 6. Suppose -d = 2*b - 4, -q*d + 9*d + 2 = b. What is the remainder when c(b) is divided by 8?
6
Let m = 23 + 94. Calculate the remainder when m is divided by 30.
27
Let t(q) = -q**2 + 5*q - 5. Let l be t(4). Let x be l + 1/(2/2). Suppose i + x*i - h = 21, 4*i - 2*h = 74. What is the remainder when 47 is divided by i?
15
Suppose -5*s - 925 = -5*q, -3*s + 724 = 4*q + s. Calculate the remainder when q is divided by 46.
45
Let g(n) = 154*n**2 + 5*n - 5. Calculate the remainder when g(1) is divided by 52.
50
Let o(n) = 21*n - 7. What is the remainder when o(5) is divided by 20?
18
Calculate the remainder when 17*(-5 - 0)*(-22)/55 is divided by 7.
6
Suppose -39*l = -34*l - 470. Calculate the remainder when l is divided by 16.
14
Suppose -2*l = 3*m - 14 - 12, 5*l - 10 = -2*m. Let q = m - -1. Let p(d) = 2*d**2 + 8*d + 7. What is the remainder when p(-6) is divided by q?
9
Let b(h) = 5*h**2 + 25*h + 85. Let g = 18 - -4. What is the remainder when b(-4) is divided by g?
21
Let p = 5 + -7. Let v = p + 4. Suppose -k - 3 = v*a - 10, -a - 79 = -5*k. Calculate the remainder when k is divided by 4.
3
Let p be -3*(-1)/(9/(-732)). Let b be ((-6)/4)/(3/p). Suppose 4*l = b - 22. What is the remainder when l is divided by 9?
7
Let c(n) = -4*n + 3. Calculate the remainder when c(-8) is divided by 14.
7
Suppose -4*f + n + 47 = 0, 0 = 5*f - 5*n - 1 - 54. Calculate the remainder when 43 is divided by f.
7
Let v be (-1)/(-2 - 7/(-4)). Suppose -2*w = 2*u - 6, v*u = -20 - 0. Suppose 2*i = 4 + 2. What is the remainder when w is divided by i?
2
Suppose 0 = -2*d + 7*d + 100. Let t = d + 43. Suppose -3*k + 40 = -4*m, -3*k - 8 + 39 = 5*m. Calculate the remainder when t is divided by k.
11
Let a(m) be the first derivative of -m**3/3 + 8*m**2 - m + 4. What is the remainder when a(13) is divided by 41/3 + (-4)/6?
12
Let q = 12 + -8. What is the remainder when 10 is divided by q?
2
Let i = 5 - 8. Calculate the remainder when 2/(-6) + (-55)/(-3) is divided by (2 - i/(-1))*-10.
8
Let m(i) = 247*i + 5. Calculate the remainder when m(1) is divided by 17.
14
Let k(z) = -6*z. Let a be k(-12). Let x be (2/3)/(16/a). Suppose x*v + v = 112. What is the remainder when v is divided by 15?
13
Let o(r) be the first derivative of -r**3/3 + 4*r**2 - 6*r + 1. What is the remainder when o(5) is divided by 4?
1
Let b(n) = -n + 8. Let s be b(5). Suppose 4*l = -m + 146 - 40, -s*l + 4*m = -89. What is the remainder when l is divided by 10?
7
Let f(w) = w**3 - 5*w**2 - w + 9. Let v be f(5). Suppose -x = -2*z - 19, -76 = -v*x - z + 3*z. What is the remainder when 74 is divided by x?
17
Let a(m) = 4*m + 8. What is the remainder when 81 is divided by a(5)?
25
Let p(a) = a**2 - 4. Let x(z) = 0*z + 2*z**3 + z**3 - z + z**2. Let f be x(1). Calculate the remainder when 14 is divided by p(f).
4
Suppose 6*j - 88 = 2*j + 2*p, 67 = 3*j - p. What is the remainder when 90 is divided by j?
21
Suppose 0 = -2*r + 4*d + 100, -5*r = -5*d + 3*d - 266. Calculate the remainder when r is divided by 14.
12
Let n(f) = f**2 + 7*f - 5. Let y be n(-8). Calculate the remainder when (-8)/(-2)*(4 - y) is divided by 3.
1
Let p = 1 + 6. Suppose -2*z = -0*z + 4*y - 16, 3*z - 2*y = 40. Calculate the remainder when z is divided by p.
5
Suppose 2*y - d - 23 = 51, 121 = 3*y + d. Calculate the remainder when 132 is divided by y.
15
Suppose -2*v - 35 = -3*g, 2*v = -0*g - 3*g + 55. Calculate the remainder when g is divided by 6.
3
Let n = 24 + -8. What is the remainder when 29 is divided by n?
13
Suppose 2*v = -0*v + 32. Calculate the remainder when 0 - (-1 - 25) - -3 is divided by v.
13
Suppose -2*m = -5*s - 20, -3*s + 32 = 2*m - 2*s. What is the remainder when (-288)/(-10) - 2/(-10) is divided by m?
14
Su